{"id":1966,"date":"2023-09-21T11:43:49","date_gmt":"2023-09-21T16:43:49","guid":{"rendered":"https:\/\/fredich.com\/?post_type=product&#038;p=1966"},"modified":"2023-09-21T12:01:50","modified_gmt":"2023-09-21T17:01:50","slug":"generador-petrolero-fd8500cxe","status":"publish","type":"product","link":"https:\/\/fredich.com\/index.php\/producto\/generador-petrolero-fd8500cxe\/","title":{"rendered":"GENERADOR PETROLERO FD8500CXE"},"content":{"rendered":"<p><strong>Modelo: FD8500CXE<\/strong><\/p>\n<p>El generador di\u00e9sel FD8500CXE es una fuente de energ\u00eda confiable dise\u00f1ada para una amplia gama de aplicaciones. A continuaci\u00f3n, detallamos sus especificaciones clave:<\/p>\n<ul>\n<li><strong>Frecuencia Nominal (Hz):<\/strong> Este generador funciona a una frecuencia nominal de 60 Hz, proporcionando una corriente el\u00e9ctrica constante y estable.<\/li>\n<li><strong>Potencia Nominal (kW):<\/strong> Con una potencia nominal de 6.8 kW, este generador puede suministrar energ\u00eda de manera constante a diversos dispositivos y equipos, garantizando un funcionamiento eficiente.<\/li>\n<li><strong>Potencia M\u00e1xima (kW):<\/strong> Alcanzando una potencia m\u00e1xima de 7.3 kW, este generador es capaz de manejar cargas moment\u00e1neas m\u00e1s altas durante per\u00edodos cortos, lo que lo hace vers\u00e1til para una variedad de aplicaciones.<\/li>\n<li><strong>Voltaje Nominal (V):<\/strong> El voltaje nominal es de 220 V, proporcionando la tensi\u00f3n el\u00e9ctrica necesaria para la mayor\u00eda de aplicaciones.<\/li>\n<li><strong>Factor de Potencia (cos):<\/strong> Con un factor de potencia de 1.0, este generador suministra energ\u00eda activa eficiente sin componentes reactivos.<\/li>\n<li><strong>Modelo del Motor:<\/strong> Equipado con un motor di\u00e9sel modelo HP195FE, dise\u00f1ado como un solo cilindro, 4 tiempos, refrigerado por aire, asegura durabilidad y bajo mantenimiento.<\/li>\n<li><strong>Modo de Arranque:<\/strong> Puede ser arrancado manualmente o mediante un arranque el\u00e9ctrico, brindando flexibilidad y facilitando su puesta en marcha.<\/li>\n<li><strong>Capacidad del Tanque de Combustible (L):<\/strong> El generador cuenta con un tanque de combustible de 12.5 litros, lo que permite un funcionamiento prolongado sin la necesidad de recargas frecuentes.<\/li>\n<li><strong>Tiempo de Funcionamiento Continuo (h):<\/strong> Proporciona hasta 6.3 horas de operaci\u00f3n continua antes de requerir detenerse o recargar combustible.<\/li>\n<li><strong>Peso Neto\/Peso Bruto (kg):<\/strong> Su peso neto es de 125 kg, mientras que el peso bruto, incluyendo el embalaje, es de 130 kg. Esto facilita su transporte y maniobrabilidad en diversos entornos.<\/li>\n<li><strong>Dimensiones (Largo x Ancho x Alto, en mm):<\/strong> Sus dimensiones son 720 mm de largo, 480 mm de ancho y 700 mm de alto, lo que permite su instalaci\u00f3n en espacios variados.<\/li>\n<li><strong>Tama\u00f1o del Paquete (Largo x Ancho x Alto, en mm):<\/strong> El tama\u00f1o del paquete, incluyendo el embalaje, es de 740 mm de largo, 495 mm de ancho y 740 mm de alto, lo que simplifica su almacenamiento y entrega.<\/li>\n<\/ul>\n<p>El generador di\u00e9sel FD8500CXE es una soluci\u00f3n confiable y vers\u00e1til para suministrar energ\u00eda en una variedad de aplicaciones. Ya sea en entornos industriales, comerciales o en situaciones de emergencia, este generador est\u00e1 dise\u00f1ado para satisfacer tus necesidades energ\u00e9ticas de manera estable y eficiente.<\/p>\n","protected":false},"excerpt":{"rendered":"<p>&nbsp;<\/p>\n<ul>\n<li><strong>Frecuencia nominal (Hz):<\/strong> 60<\/li>\n<li><strong>Potencia nominal (kW):<\/strong> 6.8<\/li>\n<li><strong>Potencia m\u00e1xima (kW):<\/strong> 7.3<\/li>\n<li><strong>Voltaje nominal (V):<\/strong> 220<\/li>\n<li><strong>Factor de potencia (cos):<\/strong> 1.0<\/li>\n<li><strong>Modelo:<\/strong> HP195FE<\/li>\n<li><strong>Tipo:<\/strong> Motor di\u00e9sel de un solo cilindro, 4 tiempos, vertical, refrigerado por aire<\/li>\n<li><strong>Modo de arranque:<\/strong> Arranque manual o el\u00e9ctrico<\/li>\n<li><strong>Capacidad del tanque de combustible (L):<\/strong> 12.5<\/li>\n<li><strong>Tiempo de funcionamiento continuo (h):<\/strong> 6.3<\/li>\n<li><strong>Peso neto\/Peso bruto (kg):<\/strong> 125\/130<\/li>\n<li><strong>Dimensiones (Largo x Ancho x Alto, en mm):<\/strong> 720 x 480 x 700<\/li>\n<li><strong>Tama\u00f1o del paquete (Largo x Ancho x Alto, en mm):<\/strong> 740 x 495 x 740<\/li>\n<\/ul>\n","protected":false},"featured_media":1951,"comment_status":"open","ping_status":"closed","template":"","meta":{"site-sidebar-layout":"default","site-content-layout":"","ast-site-content-layout":"default","site-content-style":"default","site-sidebar-style":"default","ast-global-header-display":"","ast-banner-title-visibility":"","ast-main-header-display":"","ast-hfb-above-header-display":"","ast-hfb-below-header-display":"","ast-hfb-mobile-header-display":"","site-post-title":"","ast-breadcrumbs-content":"","ast-featured-img":"","footer-sml-layout":"","theme-transparent-header-meta":"default","adv-header-id-meta":"","stick-header-meta":"","header-above-stick-meta":"","header-main-stick-meta":"","header-below-stick-meta":"","astra-migrate-meta-layouts":"set"},"product_cat":[40,85,53,108,22,70,144],"product_tag":[],"yoast_head":"<!-- This site is optimized with the Yoast SEO plugin v20.13 - https:\/\/yoast.com\/wordpress\/plugins\/seo\/ -->\n<title>GENERADOR PETROLERO FD8500CXE - fredich<\/title>\n<meta name=\"description\" content=\"Frecuencia nominal (Hz): 60Potencia nominal (kW): 6.8Potencia m\u00e1xima (kW): 7.3Voltaje nominal (V): 220Factor de potencia (cos): 1.0Modelo: HP195FETipo: Motor di\u00e9sel de un solo cilindro, 4 tiempos, vertical, refrigerado por aireModo de arranque: Arranque manual o el\u00e9ctricoCapacidad del tanque de combustible (L): 12.5Tiempo de funcionamiento continuo (h): 6.3Peso neto\/Peso bruto (kg): 125\/130Dimensiones (Largo x Ancho x Alto, en mm): 720 x 480 x 700Tama\u00f1o del paquete (Largo x Ancho x Alto, en mm): 740 x 495 x 740\" \/>\n<meta name=\"robots\" content=\"index, follow, max-snippet:-1, max-image-preview:large, max-video-preview:-1\" \/>\n<link rel=\"canonical\" href=\"https:\/\/fredich.com\/index.php\/producto\/generador-petrolero-fd8500cxe\/\" \/>\n<meta property=\"og:locale\" content=\"es_ES\" \/>\n<meta property=\"og:type\" content=\"article\" \/>\n<meta property=\"og:title\" content=\"GENERADOR PETROLERO FD8500CXE - fredich\" \/>\n<meta property=\"og:description\" content=\"Frecuencia nominal (Hz): 60Potencia nominal (kW): 6.8Potencia m\u00e1xima (kW): 7.3Voltaje nominal (V): 220Factor de potencia (cos): 1.0Modelo: HP195FETipo: Motor di\u00e9sel de un solo cilindro, 4 tiempos, vertical, refrigerado por aireModo de arranque: Arranque manual o el\u00e9ctricoCapacidad del tanque de combustible (L): 12.5Tiempo de funcionamiento continuo (h): 6.3Peso neto\/Peso bruto (kg): 125\/130Dimensiones (Largo x Ancho x Alto, en mm): 720 x 480 x 700Tama\u00f1o del paquete (Largo x Ancho x Alto, en mm): 740 x 495 x 740\" \/>\n<meta property=\"og:url\" content=\"https:\/\/fredich.com\/index.php\/producto\/generador-petrolero-fd8500cxe\/\" \/>\n<meta property=\"og:site_name\" content=\"fredich\" \/>\n<meta property=\"article:modified_time\" content=\"2023-09-21T17:01:50+00:00\" \/>\n<meta property=\"og:image\" content=\"https:\/\/fredich.com\/wp-content\/uploads\/2023\/09\/Generador-195fe.png\" \/>\n\t<meta property=\"og:image:width\" content=\"800\" \/>\n\t<meta property=\"og:image:height\" content=\"800\" \/>\n\t<meta property=\"og:image:type\" content=\"image\/png\" \/>\n<meta name=\"twitter:card\" content=\"summary_large_image\" \/>\n<meta name=\"twitter:label1\" content=\"Tiempo de lectura\" \/>\n\t<meta name=\"twitter:data1\" content=\"2 minutos\" \/>\n<script type=\"application\/ld+json\" class=\"yoast-schema-graph\">{\"@context\":\"https:\/\/schema.org\",\"@graph\":[{\"@type\":\"WebPage\",\"@id\":\"https:\/\/fredich.com\/index.php\/producto\/generador-petrolero-fd8500cxe\/\",\"url\":\"https:\/\/fredich.com\/index.php\/producto\/generador-petrolero-fd8500cxe\/\",\"name\":\"GENERADOR PETROLERO FD8500CXE - fredich\",\"isPartOf\":{\"@id\":\"https:\/\/fredich.com\/#website\"},\"datePublished\":\"2023-09-21T16:43:49+00:00\",\"dateModified\":\"2023-09-21T17:01:50+00:00\",\"description\":\"Frecuencia nominal (Hz): 60Potencia nominal (kW): 6.8Potencia m\u00e1xima (kW): 7.3Voltaje nominal (V): 220Factor de potencia (cos): 1.0Modelo: HP195FETipo: Motor di\u00e9sel de un solo cilindro, 4 tiempos, vertical, refrigerado por aireModo de arranque: Arranque manual o el\u00e9ctricoCapacidad del tanque de combustible (L): 12.5Tiempo de funcionamiento continuo (h): 6.3Peso neto\/Peso bruto (kg): 125\/130Dimensiones (Largo x Ancho x Alto, en mm): 720 x 480 x 700Tama\u00f1o del paquete (Largo x Ancho x Alto, en mm): 740 x 495 x 740\",\"breadcrumb\":{\"@id\":\"https:\/\/fredich.com\/index.php\/producto\/generador-petrolero-fd8500cxe\/#breadcrumb\"},\"inLanguage\":\"es\",\"potentialAction\":[{\"@type\":\"ReadAction\",\"target\":[\"https:\/\/fredich.com\/index.php\/producto\/generador-petrolero-fd8500cxe\/\"]}]},{\"@type\":\"BreadcrumbList\",\"@id\":\"https:\/\/fredich.com\/index.php\/producto\/generador-petrolero-fd8500cxe\/#breadcrumb\",\"itemListElement\":[{\"@type\":\"ListItem\",\"position\":1,\"name\":\"Portada\",\"item\":\"https:\/\/fredich.com\/\"},{\"@type\":\"ListItem\",\"position\":2,\"name\":\"Tienda\",\"item\":\"https:\/\/fredich.com\/index.php\/tienda\/\"},{\"@type\":\"ListItem\",\"position\":3,\"name\":\"GENERADOR PETROLERO FD8500CXE\"}]},{\"@type\":\"WebSite\",\"@id\":\"https:\/\/fredich.com\/#website\",\"url\":\"https:\/\/fredich.com\/\",\"name\":\"fredich\",\"description\":\"Calidad alemana a tu alcance\",\"publisher\":{\"@id\":\"https:\/\/fredich.com\/#organization\"},\"potentialAction\":[{\"@type\":\"SearchAction\",\"target\":{\"@type\":\"EntryPoint\",\"urlTemplate\":\"https:\/\/fredich.com\/?s={search_term_string}\"},\"query-input\":\"required name=search_term_string\"}],\"inLanguage\":\"es\"},{\"@type\":\"Organization\",\"@id\":\"https:\/\/fredich.com\/#organization\",\"name\":\"fredich\",\"url\":\"https:\/\/fredich.com\/\",\"logo\":{\"@type\":\"ImageObject\",\"inLanguage\":\"es\",\"@id\":\"https:\/\/fredich.com\/#\/schema\/logo\/image\/\",\"url\":\"https:\/\/fredich.com\/wp-content\/uploads\/2023\/09\/cropped-Recurso-1@2x-1.png\",\"contentUrl\":\"https:\/\/fredich.com\/wp-content\/uploads\/2023\/09\/cropped-Recurso-1@2x-1.png\",\"width\":339,\"height\":129,\"caption\":\"fredich\"},\"image\":{\"@id\":\"https:\/\/fredich.com\/#\/schema\/logo\/image\/\"}}]}<\/script>\n<!-- \/ Yoast SEO plugin. -->","yoast_head_json":{"title":"GENERADOR PETROLERO FD8500CXE - fredich","description":"Frecuencia nominal (Hz): 60Potencia nominal (kW): 6.8Potencia m\u00e1xima (kW): 7.3Voltaje nominal (V): 220Factor de potencia (cos): 1.0Modelo: HP195FETipo: Motor di\u00e9sel de un solo cilindro, 4 tiempos, vertical, refrigerado por aireModo de arranque: Arranque manual o el\u00e9ctricoCapacidad del tanque de combustible (L): 12.5Tiempo de funcionamiento continuo (h): 6.3Peso neto\/Peso bruto (kg): 125\/130Dimensiones (Largo x Ancho x Alto, en mm): 720 x 480 x 700Tama\u00f1o del paquete (Largo x Ancho x Alto, en mm): 740 x 495 x 740","robots":{"index":"index","follow":"follow","max-snippet":"max-snippet:-1","max-image-preview":"max-image-preview:large","max-video-preview":"max-video-preview:-1"},"canonical":"https:\/\/fredich.com\/index.php\/producto\/generador-petrolero-fd8500cxe\/","og_locale":"es_ES","og_type":"article","og_title":"GENERADOR PETROLERO FD8500CXE - fredich","og_description":"Frecuencia nominal (Hz): 60Potencia nominal (kW): 6.8Potencia m\u00e1xima (kW): 7.3Voltaje nominal (V): 220Factor de potencia (cos): 1.0Modelo: HP195FETipo: Motor di\u00e9sel de un solo cilindro, 4 tiempos, vertical, refrigerado por aireModo de arranque: Arranque manual o el\u00e9ctricoCapacidad del tanque de combustible (L): 12.5Tiempo de funcionamiento continuo (h): 6.3Peso neto\/Peso bruto (kg): 125\/130Dimensiones (Largo x Ancho x Alto, en mm): 720 x 480 x 700Tama\u00f1o del paquete (Largo x Ancho x Alto, en mm): 740 x 495 x 740","og_url":"https:\/\/fredich.com\/index.php\/producto\/generador-petrolero-fd8500cxe\/","og_site_name":"fredich","article_modified_time":"2023-09-21T17:01:50+00:00","og_image":[{"width":800,"height":800,"url":"https:\/\/fredich.com\/wp-content\/uploads\/2023\/09\/Generador-195fe.png","type":"image\/png"}],"twitter_card":"summary_large_image","twitter_misc":{"Tiempo de lectura":"2 minutos"},"schema":{"@context":"https:\/\/schema.org","@graph":[{"@type":"WebPage","@id":"https:\/\/fredich.com\/index.php\/producto\/generador-petrolero-fd8500cxe\/","url":"https:\/\/fredich.com\/index.php\/producto\/generador-petrolero-fd8500cxe\/","name":"GENERADOR PETROLERO FD8500CXE - fredich","isPartOf":{"@id":"https:\/\/fredich.com\/#website"},"datePublished":"2023-09-21T16:43:49+00:00","dateModified":"2023-09-21T17:01:50+00:00","description":"Frecuencia nominal (Hz): 60Potencia nominal (kW): 6.8Potencia m\u00e1xima (kW): 7.3Voltaje nominal (V): 220Factor de potencia (cos): 1.0Modelo: HP195FETipo: Motor di\u00e9sel de un solo cilindro, 4 tiempos, vertical, refrigerado por aireModo de arranque: Arranque manual o el\u00e9ctricoCapacidad del tanque de combustible (L): 12.5Tiempo de funcionamiento continuo (h): 6.3Peso neto\/Peso bruto (kg): 125\/130Dimensiones (Largo x Ancho x Alto, en mm): 720 x 480 x 700Tama\u00f1o del paquete (Largo x Ancho x Alto, en mm): 740 x 495 x 740","breadcrumb":{"@id":"https:\/\/fredich.com\/index.php\/producto\/generador-petrolero-fd8500cxe\/#breadcrumb"},"inLanguage":"es","potentialAction":[{"@type":"ReadAction","target":["https:\/\/fredich.com\/index.php\/producto\/generador-petrolero-fd8500cxe\/"]}]},{"@type":"BreadcrumbList","@id":"https:\/\/fredich.com\/index.php\/producto\/generador-petrolero-fd8500cxe\/#breadcrumb","itemListElement":[{"@type":"ListItem","position":1,"name":"Portada","item":"https:\/\/fredich.com\/"},{"@type":"ListItem","position":2,"name":"Tienda","item":"https:\/\/fredich.com\/index.php\/tienda\/"},{"@type":"ListItem","position":3,"name":"GENERADOR PETROLERO FD8500CXE"}]},{"@type":"WebSite","@id":"https:\/\/fredich.com\/#website","url":"https:\/\/fredich.com\/","name":"fredich","description":"Calidad alemana a tu alcance","publisher":{"@id":"https:\/\/fredich.com\/#organization"},"potentialAction":[{"@type":"SearchAction","target":{"@type":"EntryPoint","urlTemplate":"https:\/\/fredich.com\/?s={search_term_string}"},"query-input":"required name=search_term_string"}],"inLanguage":"es"},{"@type":"Organization","@id":"https:\/\/fredich.com\/#organization","name":"fredich","url":"https:\/\/fredich.com\/","logo":{"@type":"ImageObject","inLanguage":"es","@id":"https:\/\/fredich.com\/#\/schema\/logo\/image\/","url":"https:\/\/fredich.com\/wp-content\/uploads\/2023\/09\/cropped-Recurso-1@2x-1.png","contentUrl":"https:\/\/fredich.com\/wp-content\/uploads\/2023\/09\/cropped-Recurso-1@2x-1.png","width":339,"height":129,"caption":"fredich"},"image":{"@id":"https:\/\/fredich.com\/#\/schema\/logo\/image\/"}}]}},"_links":{"self":[{"href":"https:\/\/fredich.com\/index.php\/wp-json\/wp\/v2\/product\/1966"}],"collection":[{"href":"https:\/\/fredich.com\/index.php\/wp-json\/wp\/v2\/product"}],"about":[{"href":"https:\/\/fredich.com\/index.php\/wp-json\/wp\/v2\/types\/product"}],"replies":[{"embeddable":true,"href":"https:\/\/fredich.com\/index.php\/wp-json\/wp\/v2\/comments?post=1966"}],"version-history":[{"count":1,"href":"https:\/\/fredich.com\/index.php\/wp-json\/wp\/v2\/product\/1966\/revisions"}],"predecessor-version":[{"id":1967,"href":"https:\/\/fredich.com\/index.php\/wp-json\/wp\/v2\/product\/1966\/revisions\/1967"}],"wp:featuredmedia":[{"embeddable":true,"href":"https:\/\/fredich.com\/index.php\/wp-json\/wp\/v2\/media\/1951"}],"wp:attachment":[{"href":"https:\/\/fredich.com\/index.php\/wp-json\/wp\/v2\/media?parent=1966"}],"wp:term":[{"taxonomy":"product_cat","embeddable":true,"href":"https:\/\/fredich.com\/index.php\/wp-json\/wp\/v2\/product_cat?post=1966"},{"taxonomy":"product_tag","embeddable":true,"href":"https:\/\/fredich.com\/index.php\/wp-json\/wp\/v2\/product_tag?post=1966"}],"curies":[{"name":"wp","href":"https:\/\/api.w.org\/{rel}","templated":true}]}}